40
Suppose 0 = 4*o - 3*l - 7, -1 = 5*o - l - 7. Calculate the remainder when 954/6 - (o + -1 + 0) is divided by 18.
15
Let v = -13632 + 23709. What is the remainder when v is divided by 90?
87
Suppose h = -0 + 8. Let q be 6/4 - (-10)/(-20). Calculate the remainder when q - (-2 - (2 - -17)) is divided by h.
6
Let u(p) = p**3 + 14*p**2 - 3*p + 9. Let y = 701 + -648. What is the remainder when u(-6) is divided by y?
50
Let g = 57 + -27. Let v = 29781 + -29632. Calculate the remainder when v is divided by g.
29
Let y(t) = 5*t + 911. Calculate the remainder when 308 is divided by y(-151).
152
Suppose 2*t - 2*z = 853 + 379, -2*t = -z - 1227. What is the remainder when t is divided by 153?
152
Let v = 132 - 48. Suppose -750 = -46*x - 4*x. What is the remainder when v is divided by x?
9
Suppose -i + 22 = 3. Suppose -104*r - 51*r = -10540. Calculate the remainder when r is divided by i.
11
Suppose 878 = 44*g - 300 - 626. Calculate the remainder when 116 is divided by g.
34
Suppose -t + 5*v = -4 - 34, 298 = 5*t + 2*v. What is the remainder when 4871 is divided by t?
57
Let v = 1261 - 791. What is the remainder when v is divided by 68?
62
Let c(i) = 37*i + 338. Let w(u) = -37*u - 336. Let n(t) = 4*c(t) + 5*w(t). Calculate the remainder when 34 is divided by n(-9).
4
Let s be 264/(-26) + (-124)/(-806). Calculate the remainder when 51 is divided by (81/45)/((-3)/s).
3
Suppose 5*l = 275 + 66 + 134. What is the remainder when l is divided by 37?
21
Calculate the remainder when 4119 is divided by (-4)/74 + (1 - (-4744)/148).
27
Suppose -4*n - 1150 = -3*y, -y = 4*n - 112 - 282. Calculate the remainder when y is divided by 78.
74
Let t be (-14)/35 - (-508)/20. Calculate the remainder when 3 + t - 3/(3/(-4)) is divided by 26.
6
Suppose -18 = -5*u + 12. Calculate the remainder when u is divided by ((-114)/(-33) - -1) + 60/110.
1
Suppose 0 = 154*b - 172*b + 21276. Calculate the remainder when b is divided by 18.
12
Suppose -3*y = 3, 5 = 4*s - 7*s - 5*y. Suppose s = -31*u + 54*u - 437. Calculate the remainder when 359 is divided by u.
17
Suppose -v + 27 = 28. Calculate the remainder when 92/(-10)*(v - (-18)/(-12)) is divided by 13.
10
Let a(y) = -y**3 + 18*y**2 - 12*y - 22. Suppose -2*g + 10 = -0*g. Suppose 49 + 36 = g*v. Calculate the remainder when a(v) is divided by 15.
3
Let g(q) = -4*q**2 - 96*q - 214. What is the remainder when 1021 is divided by g(-14)?
329
Let o = 0 + 2. Suppose -14 = -18*g + 3784. Let t = 216 - g. What is the remainder when t is divided by o?
1
Let d = -6235 + 6412. Calculate the remainder when 751 is divided by d.
43
Calculate the remainder when 2657 is divided by (228/(-10))/(117/(-195)).
35
Let r be 10/9*3*2232/62. Let v(h) = -h**3 + 5*h**2 - 2*h - 2. Let j be v(4). Suppose 18 = -j*t + r. What is the remainder when t is divided by 6?
5
Let g(h) = h**3 - 47*h**2 + 223*h - 408. What is the remainder when 12833 is divided by g(42)?
137
Let b(g) = g**3 - 24*g**2 + 50*g - 89. Calculate the remainder when 248 is divided by b(22).
33
Let f(v) = -768*v - 6894. Suppose -2*a + 3*a = 71. What is the remainder when a is divided by f(-9)?
17
Let b be -1 + 48 - (-1 + -1). Let j = 131 - b. Suppose 41 = -17*k + 268 + 487. Calculate the remainder when j is divided by k.
40
Let p(x) = -x**3 + 40*x**2 - 2*x + 85. Let o be p(40). Suppose -3*t = -5*y - 164, -7*t + o*t + 141 = 3*y. What is the remainder when t is divided by 8?
7
Suppose 0 = -4*l + 3*p - 4*p + 17, -l = -4*p. Let f = -6 + 26. Suppose -l - f = -6*x. What is the remainder when 38 is divided by x?
2
Let a(w) = -27*w + 20. Let i be a(5). Let g = i + 119. Suppose 2*c - 28 = n + 2*n, g*n - 16 = 0. Calculate the remainder when c is divided by 6.
2
Let h = 4 - 0. Suppose 2*t + 22 = 2*f, -3 = -2*f - t + h. Suppose 27 + 15 = f*a. Calculate the remainder when 21 is divided by a.
0
Let a(p) = -p + p**2 + 0 + 14*p + 1 - 3*p. Suppose -119*k = -124*k - 80. What is the remainder when a(k) is divided by 11?
9
Let c(h) = 8*h**2 + h**3 - 1094*h + 2*h**3 - 4*h**3 + 11 + 1088*h. What is the remainder when c(5) is divided by 15?
11
Let n(p) = p**2 + 101. What is the remainder when n(0) is divided by 2*56/(-48)*-3?
3
Suppose -9 = 6*s - 9. Suppose 5*f - 176 - 269 = s. Suppose 6*q = 2*q + 76. What is the remainder when f is divided by q?
13
Let f = -309 - -603. Suppose 28*j + 14*j - f = 0. Let d = 86 - 26. Calculate the remainder when d is divided by j.
4
Suppose 3*u = l - 34 + 26, u + 12 = 5*l. What is the remainder when -3 - 0 - -98 - (-4 + l) is divided by 36?
25
Suppose 0 = -3*p + 30 - 0. Let t be -5 - (-69 + -8 + 3). Suppose 96*n = 97*n - t. What is the remainder when n is divided by p?
9
Let z = -106 - -108. Let q(t) = -t**3 + 3*t**2 + 2*t - 4. Suppose -2*c + 16 = -0*c + 4*d, -3*c = -4*d - 34. What is the remainder when c is divided by q(z)?
2
Suppose -3*j - 5*m - 5498 = -4*j, -4*j = -5*m - 22007. What is the remainder when j is divided by 172?
171
Let y = -70 + 75. Suppose 0 = -4*t - y*g + 120, 37 = 2*t + 5*g - 23. What is the remainder when 117 is divided by t?
27
Let k be -2*(3/6 + 2)*-6. Let y = 24 + -4. Calculate the remainder when y is divided by 206/k - 20/(-150).
6
Suppose -78 = 346*y - 347*y. Suppose 5*v - 53 = n, -3*v - 3*n = -7*v + 49. Calculate the remainder when y is divided by v.
8
What is the remainder when 1185 is divided by (-17)/(-170)*-5 + 0 + (-243)/(-6)?
25
Suppose -4*p + 113 = -299. Let u = p + -54. Calculate the remainder when 95 is divided by u.
46
Suppose -1291*z + 1289*z = -4*u - 122, 0 = -z - u + 52. What is the remainder when z is divided by 36?
19
Suppose 499*c - 28578 = 488*c. Calculate the remainder when c is divided by 23.
22
Suppose -4*i - 342 - 390 = -5*a, -5*i + 4*a = 924. Let p = i + 199. Calculate the remainder when (-4)/(-10) + (-103)/(-5) is divided by p.
10
Let j = 22012 - 21969. What is the remainder when 9545 is divided by j?
42
Let z be (6450/3)/5 + -1 + 4. Let c = 460 - z. What is the remainder when 320 is divided by c?
23
Suppose -4*f = -5*g - 1991, -53*f - 524 = -54*f - 4*g. Calculate the remainder when f is divided by 105.
84
Suppose -9*a + m = -11789, 3*a - 3943 = -1165*m + 1167*m. Calculate the remainder when a is divided by 113.
66
Suppose b - 4*r = 67, -43 = -r - 46. What is the remainder when 493 is divided by b?
53
Let r = 4455 + -4404. Calculate the remainder when 105 is divided by r.
3
Let w = 41 + -47. Let u = w + 9. What is the remainder when 148 is divided by u + (-34 + -1)/(-1)?
34
Suppose 33*m - 815 - 287 = -310. What is the remainder when 404 is divided by m?
20
Suppose 136*b = 131*b + 1365. Let x = b + -204. What is the remainder when 274 is divided by x?
67
What is the remainder when 18972 - (((-8)/8 - -2) + 0)*1 is divided by 124?
123
Let x(m) = 13*m**3 - m**2 + 2. Let t be x(-1). Calculate the remainder when (-13 + 8)/(1/(-23)) is divided by ((-156)/(-24))/((-2)/t).
37
Suppose 101*p + 3731 = 88*p. Let y = p - -319. What is the remainder when 222 is divided by y?
30
Suppose -3*r = 7 + 20. Let n(x) = -x. Suppose -5*u + 3*w - 67 = -276, -5*u = 5*w - 225. What is the remainder when u is divided by n(r)?
7
Let w be 3*(-8 - -11) + 102. Let m = w + -108. What is the remainder when 126 is divided by m?
0
Suppose 14*m - 100 = 96. What is the remainder when 570 is divided by m?
10
Let l(a) = 13*a**2 + 13*a - 18. What is the remainder when 1738 is divided by l(-3)?
58
Let b = 14 - 36. Let p be 44 - ((-12)/(-12) - -2). Let s = p - b. Calculate the remainder when s is divided by 16.
15
Suppose -2*w + 2380 = 2*w. Suppose 2230 - 1333 = 39*j. Calculate the remainder when w is divided by j.
20
Let v be (-59)/(7 + -8 - 34/(-32)). Let t = v + 1553. What is the remainder when t is divided by 51?
48
Suppose -2*b = -3*b + 31. Suppose -227*j = 2101 - 20715. Calculate the remainder when j is divided by b.
20
Let a = 177 + -167. Calculate the remainder when 14 is divided by (2 - 210/(-25)) + (-4)/a.
4
Let d(h) = 6*h - 4. Let t(y) = 96*y + 500. Let u be t(15). Suppose -16*s - 4*s = -u. Calculate the remainder when s is divided by d(4).
17
Let f = 73919 - 73805. Calculate the remainder when f is divided by (29/4)/1*4.
27
Let n(y) = -y**3 - 4*y**2 - 20*y - 140. What is the remainder when 521 is divided by n(-6)?
1
Suppose -2531 + 571 = -14*s. Let v = s - 97. Suppose -4*g